e remainder when u is divided by 29.
21
Let p be (-16)/(-6) - -2*2/(-6). Calculate the remainder when 43 is divided by p + (5 + -2)*1.
3
Suppose 3*c - 19 = 4*v + 51, -50 = -2*c + v. What is the remainder when (18 - 13 - -76) + -22 is divided by 6*(-1 - c/(-6))?
19
Suppose -15*q - 329 = -62*q. What is the remainder when 1916 is divided by q?
5
Suppose 3*n = o + 126 - 29, o + 31 = n. Suppose -3*a = -2*p + 159, -p - 2*a + 57 = -n. Suppose -5*h + p = -26. Calculate the remainder when h is divided by 13.
9
Let x(v) = -19*v**3 + 2*v**2 - 1. Let h be (1/(-2))/(23/46). Calculate the remainder when x(-2) is divided by h/(-5)*98 - 2/(-5).
19
Suppose -10*b - 5*p = -240, b + 3 - 5 = 5*p. Let u(l) = -l**2 - 17*l - 9. What is the remainder when u(-7) is divided by b?
17
Suppose 0 = 4*m - 73*g + 76*g - 1326, g + 1334 = 4*m. Calculate the remainder when m is divided by 84 - -2*(-1)/(-2).
78
Let y = -15 + 29. Suppose 4*q + 3*k = 207, q + 149 = 4*q + k. Let j = -39 + q. What is the remainder when y is divided by j?
5
Calculate the remainder when 6/((-60)/(-125))*1240/25 is divided by 328.
292
Let d = 28 - -5. Let b = d - 14. Let x(c) = 2*c**3 - 9*c**2 + 4*c + 4. What is the remainder when b is divided by x(4)?
3
Let c = -97 - -111. Suppose -49 = -z + 5*v, 223 = c*z - 9*z - 3*v. Let u = 4 - -11. Calculate the remainder when z is divided by u.
14
Calculate the remainder when 5725 is divided by 3981/48 - (-15)/240.
81
Let d be (2/2)/(3/6). Suppose -d*z + 3*t - 46 = 0, -t = -2*z - z - 55. Let x = z + 41. What is the remainder when x is divided by 7?
3
Let z(b) = b**3 - 4*b**2 + b - 3. Let f be z(3). Suppose 0 = -13*k + 10*k + 18. Calculate the remainder when 372/18 + (-3)/f is divided by k.
3
Suppose 140 = 2*r + 2. Calculate the remainder when 2137 is divided by r.
67
Let h(q) = 10*q**2 - 6*q + 11. Suppose -171 = 10*t - 61. Let i be h(t). Suppose 15*w + 12 = i. Calculate the remainder when w is divided by 22.
19
Let k = 32 + 9. Let i = 79 - k. Suppose -3*p = 4*c - 2*p - 74, -4*c - 5*p + 50 = 0. What is the remainder when i is divided by c?
18
Suppose 34 = 5*d - 4*f, -4*d + 3*f + 0 = -27. Suppose 2*r + d*i = 5*i + 8, 5*i + 50 = 5*r. Calculate the remainder when 17 is divided by r.
5
Let r(g) = g**2 + 7*g + 3. Let q be r(-5). Let c(w) = 6 - 14*w**2 + 12*w**3 - 14*w**3 + 1 - 3*w. What is the remainder when c(q) is divided by 15?
13
Let s(i) = 26*i + 14. Let m be s(3). Suppose m*n - 91*n = -10. What is the remainder when (-1)/(n/258) + (-4)/(-20) is divided by 11?
4
Suppose 12 = -4*h, -2*b = -3*b - 2*h + 33. Suppose -6*c = -7*c + b. Let o = -217 + 227. Calculate the remainder when c is divided by o.
9
What is the remainder when 296 is divided by 190/4*132/110 + 6?
44
Let y(f) = 11*f**3 - 24*f**2 - 5*f + 13. What is the remainder when y(4) is divided by 44?
5
Let q = -8274 + 8366. What is the remainder when q is divided by 53?
39
Suppose 22*p - 5130 = 3*p. Calculate the remainder when (-3)/(p/(-20)) - 1760/(-18) is divided by 9.
8
Let x = -202 - -225. What is the remainder when 1/4 - 0 - (-2010)/24 is divided by x?
15
Suppose 153 = 4*k + 137. Suppose 27 = 5*f - 5*u - 53, u = -k. Calculate the remainder when 155 is divided by f.
11
Suppose -7*v - 8069 = -4*p, -5*v - 5262 = -2*p - 1229. What is the remainder when p is divided by 44?
39
Let z = -28870 + 28893. What is the remainder when 1419 is divided by z?
16
Suppose -2*k - 4 = 0, 3*k - 13 = -4*f + 13. Let b be (6/(-4))/(f/64). Calculate the remainder when 36 is divided by 46/4 + b/(-8).
10
Let q = 2717 - 2708. Let w = 15 + -13. Suppose 0 = w*v - 68. Calculate the remainder when v is divided by q.
7
Suppose 13*s - 439 = 12*s - t, -s + 439 = -t. What is the remainder when 1321 is divided by s?
4
Let i = 78 - 74. Suppose 2*l = 4*n + 4, 2*l - 10 = -3*l - i*n. What is the remainder when (-8)/12 + (-47)/(-3) is divided by l?
1
Calculate the remainder when 1861 is divided by 19/((38/(-76))/(2/20) + 6).
18
Suppose -131*m = -90*m - 3403. What is the remainder when m is divided by 145/11 + 1*12/(-66)?
5
Let z = -2791 + 2974. What is the remainder when z is divided by 53?
24
Let o = 413 - 32. Suppose o = 43*p - 40*p. What is the remainder when p is divided by 13?
10
Suppose 45380*i = 45369*i + 616. Calculate the remainder when 285 is divided by i.
5
What is the remainder when 120/408*17 + (-1 - -60) is divided by 31?
2
Suppose 2*l + 188*r = 192*r + 7250, 18245 = 5*l + 5*r. Calculate the remainder when l is divided by 30.
11
Suppose 273 = 29*d - 16*d. What is the remainder when 4845 is divided by d?
15
Let o = 51 - -9. Let x(w) = 8*w**3 - 4*w**2 + 9*w - 37. Let g be x(5). Let z = 915 - g. What is the remainder when o is divided by z?
4
Let u(v) = 8*v**2 + 245*v - 2657. Calculate the remainder when u(11) is divided by 253.
247
Suppose -8*r + 6*r + 700 = 0. Let w = r + 14. Calculate the remainder when w is divided by 61.
59
Let z = -92 + 100. Let g(v) = 49*v**2 + v - 3. What is the remainder when g(1) is divided by z?
7
Suppose 0*z - j + 94 = z, 0 = 4*j - 16. Suppose 0 = 5*g - 110 - z. What is the remainder when g is divided by 16/3 - 4/(-6)?
4
Let n(j) = -5*j**3 - 5*j + j**2 - 2*j + 1 + 10*j. Let a be (-82)/205*(0 + 5). What is the remainder when 76 is divided by n(a)?
37
Suppose 4*l = 5*n + 246, -79*l = -82*l - n + 175. What is the remainder when 335 is divided by l?
40
Calculate the remainder when (-10)/1*(-4825)/386 is divided by 55.
15
Let c(t) = 3*t**2 + 42*t + 2. Let a(f) = 2*f**2 - 8*f + 1. Calculate the remainder when a(-5) is divided by c(-15).
44
Calculate the remainder when (-18 - -22)/((-2)/(-60)) is divided by 53.
14
Suppose 0 = -12*g + 85738 - 85702. Let q = 17 - 6. What is the remainder when q is divided by g?
2
Suppose -7810*g = -7839*g + 5307. What is the remainder when g is divided by 58?
9
Let h(y) = 4*y - 46. Let w be h(38). Suppose -9*d = -w - 1046. What is the remainder when d is divided by 44?
40
Suppose -2*o = 3*f + 11, 4*o + 0*f + 31 = 3*f. Let g(c) = -c**3 - 3*c**2 + 24*c - 1. Let k = -13 + 22. What is the remainder when g(o) is divided by k?
0
What is the remainder when 570 is divided by (-136)/(-170)*(-425)/(-10)?
26
Let j(y) = -495*y - 3442. Let x be (183*1)/((-9)/(-6)). Suppose -12 = -2*d + x. Calculate the remainder when d is divided by j(-7).
21
What is the remainder when (5151/3 - -6)/((-2)/(-14)) is divided by 29?
26
Suppose -67*j - 85*j + 2140 = -45*j. What is the remainder when 552 is divided by j?
12
Suppose -5*w - 17 = -157. Suppose 0 = -25*h + w*h - 30. Let t(n) = n**3 - 10*n**2 + 2*n - 6. What is the remainder when 68 is divided by t(h)?
12
Let q = -383697 - -383916. Let j = 21 - 10. What is the remainder when q is divided by j?
10
Suppose -188*v + 2137 = 81*v - 284. Calculate the remainder when 27105 is divided by v.
6
What is the remainder when 571 is divided by 2 + 1953/24 + -4 + 116/32?
73
Let s = -57963 + 58019. Let l(v) = 3*v**3 + 2*v**2 - v. What is the remainder when s is divided by l(2)?
26
Let y = 1114 + 31. Calculate the remainder when y is divided by 164.
161
Suppose 0 = 3*t + y - 427, -302 = 51*t - 53*t - 5*y. Calculate the remainder when 2537 is divided by t.
140
Suppose 0 = -3*p - 9*m + 10*m + 7, -2*p + 2 = -2*m. Calculate the remainder when 78 is divided by (-83 + p)*2/(-4).
38
Suppose 4*o = 10 + 6. Suppose 0 = -3*b + 190 - o. Calculate the remainder when b is divided by 11 - ((-171)/38 + 2/(-4)).
14
Suppose -1 = s, -208 = -5*v - s + 246. Suppose v*y + 224 = 107*y. Calculate the remainder when 47 is divided by y.
5
Let p = 50 + -11. Let r = p + -36. Suppose -4 = -i - 3. Calculate the remainder when r is divided by i.
0
Suppose 623 = 178*s - 173*s - 997. Calculate the remainder when s is divided by 38.
20
Let o = 601 - 574. Suppose -o*i + 3531 = -1140. Calculate the remainder when i is divided by 29.
28
Let q(y) = 36*y - 6 - 3 + 3. What is the remainder when 179 is divided by q(1)?
29
Let h = -104385 + 104427. Suppose -3 = -3*l + 3. Calculate the remainder when h is divided by 8*(-2 - l*-2).
10
Suppose 2*g = 0, 9*o = 5*o - 4*g + 244. Suppose -4 = -0*a - 4*a. Let y = a + 8. Calculate the remainder when o is divided by y.
7
Calculate the remainder when 106750/30*(-8)/(32/(-12)) is divided by 157.
156
Calculate the remainder when 6373 is divided by 156/8 - (114/12)/(-19).
13
L